203301 (base 4) to base 6
-11541133
What is 1d9c0 (base 16) in base 10?
121280
Convert 1232022100 (base 4) to base 6.
13400544
What is -a36302 (base 13) in base 11?
-2174271
What is -20303523 (base 6) in base 9?
-1080136
What is -96fc7 (base 16) in base 9?
-1142304
7836611 (base 9) to base 15
584757
What is 70873 (base 15) in base 2?
1010110111110111011
Convert -23706 (base 13) to base 12.
-31686
363983 (base 10) to base 14
9690b
What is -1320320 (base 4) in base 12?
-4588
Convert 201220211010 (base 3) to base 9.
656733
What is 6b97b (base 14) in base 10?
262553
Convert -60720 (base 15) to base 12.
-128863
405309 (base 10) to base 2
1100010111100111101
-10000021012101 (base 3) to base 13
-4400bc
What is 28c8d7 (base 14) in base 3?
2200000122222
Convert -153117 (base 9) to base 10.
-94138
Convert -17752502 (base 8) to base 15.
-5797ac
-1b10 (base 15) to base 6
-43053
What is -314122333 (base 5) in base 15?
-1b0448
Convert 12000222112 (base 3) to base 12.
4944b
Convert -124277 (base 9) to base 15.
-174b4
Convert -47374455 (base 8) to base 7.
-153666334
What is -111001111010101001 (base 2) in base 15?
-4a450
Convert 177230 (base 16) to base 13.
41a50c
What is -11921a (base 13) in base 9?
-710103
Convert -1aac9 (base 15) to base 2.
-10101001100011110
What is 443c (base 15) in base 5?
430312
12140424 (base 7) to base 12
4441b6
Convert 2122155 (base 6) to base 2.
11001011011110111
28b155 (base 16) to base 10
2666837
What is 82379 (base 12) in base 9?
278013
-23431543 (base 7) to base 14
-3c0323
What is -247210 (base 10) in base 13?
-886a2
What is -15551711 (base 9) in base 12?
-272830a
-2112210010212 (base 3) to base 14
-273561
18b3129 (base 13) to base 11
4645299
640210 (base 13) to base 4
20323313101
Convert -16c72c (base 13) to base 9.
-1058204
What is -10110100011110010011 (base 2) in base 6?
-23502151
1532548 (base 10) to base 6
52503044
What is 11121021201122 (base 3) in base 11?
1420a62
78026 (base 12) to base 16
26d1e
20016566 (base 8) to base 16
401d76
-56328 (base 15) to base 12
-112748
Convert -3b178b (base 15) to base 11.
-166a882
What is 12010031 (base 4) in base 3?
1021002012
Convert -221240 (base 10) to base 2.
-110110000000111000
What is -11274412 (base 8) in base 12?
-9a5236
-110221212120 (base 3) to base 15
-5088c
Convert -628172 (base 9) to base 3.
-200222012102
Convert 1221232020 (base 4) to base 13.
122142
Convert 1001100001000000 (base 2) to base 12.
1a680
What is -2331220 (base 7) in base 8?
-1075001
What is -2779a2 (base 12) in base 4?
-2200033022
What is -1401496 (base 10) in base 5?
-324321441
-52616654 (base 7) to base 6
-235321515
What is 515927 (base 11) in base 9?
1501312
134317 (base 8) to base 6
1003011
What is 2124030 (base 6) in base 13?
38793
Convert -3412513 (base 6) to base 10.
-172989
42240132 (base 6) to base 12
4b6048
-51f2c1 (base 16) to base 13
-1160661
Convert -2114432 (base 13) to base 12.
-3453595
-110121221311 (base 4) to base 9
-11051014
What is -11133210133 (base 4) in base 14?
-296b15
What is 98dd (base 15) in base 7?
163261
Convert 426bb (base 12) to base 8.
252557
-1302354 (base 7) to base 14
-457d4
a78c (base 14) to base 9
43621
Convert -102302300 (base 5) to base 2.
-1101001010111010111
What is 12210202012 (base 3) in base 13?
4001c
Convert -ca3353 (base 15) to base 16.
-92efbc
1010101202 (base 3) to base 11
15716
Convert -1757313 (base 8) to base 16.
-7decb
93460 (base 10) to base 11
64244
-c5869 (base 14) to base 8
-1642325
What is -919ec (base 16) in base 3?
-1010022012010
What is a36c (base 13) in base 2?
101100000100111
What is 18ac20 (base 13) in base 4?
2120102331
What is 351122 (base 11) in base 3?
1001100012112
What is 12332330232 (base 4) in base 13?
4c1373
What is -2120200011002 (base 3) in base 16?
-14ecdf
221112110002 (base 3) to base 11
313686
-6276503 (base 8) to base 10
-1670467
What is 31130210033 (base 4) in base 16?
35c90f
Convert 111000000100010010010 (base 2) to base 3.
10110100011112
What is 503540114 (base 6) in base 3?
121011000111201
Convert 2363113 (base 7) to base 4.
1021202131
Convert -74f53d (base 16) to base 8.
-35172475
Convert -4641cb (base 14) to base 2.
-1001001000010000110111
Convert 10332283 (base 9) to base 7.
60225210
Convert -11100100100100101 (base 2) to base 9.
-187472
What is 11001000111010000110 (base 2) in base 4?
3020322012
What is -102200201111 (base 3) in base 13?
-809b9
Convert -38056 (base 9) to base 7.
-134352
Convert -102011002021122 (base 3) to base 5.
-3004114442
132635 (base 11) to base 13
73b1a
-1206537 (base 8) to base 13
-b7926
52078 (base 12) to base 2
11010001011011100
-4b8fa (base 16) to base 3
-120201112220
What is -1106a (base 13) in base 16?
-787e
Convert -204ccb (base 13) to base 6.
-24052425
300521 (base 9) to base 7
1336462
-1100110101000110101 (base 2) to base 8
-1465065
101112220122 (base 3) to base 5
23121301
What is 601801 (base 10) in base 13?
180bc5
What is 10101111111100110000 (base 2) in base 3?
1100121121011
What is 13aa1e (base 16) in base 3?
2102110210220
Convert 2383b4 (base 14) to base 7.
13213114
What is -157406 (base 10) in base 13?
-56852
Convert 24444a5 (base 11) to base 2.
10000001110000010100101
115a2 (base 11) to base 2
100000100110001
What is 364132 (base 9) in base 13?
78c08
What is -15673148 (base 9) in base 5?
-4001431312
-1700842 (base 9) to base 16
-e6d3e
Convert 1001000010111101010000 (base 2) to base 5.
1101341113
163c2 (base 15) to base 7
416063
-121033001311 (base 4) to base 10
-6615157
What is 344a42 (base 14) in base 10?
1780130
Convert 1011221020120 (base 3) to base 15.
c63a0
What is 4856b7 (base 13) in base 6?
100553505
What is -2321320012 (base 4) in base 2?
-10111001111000000110
Convert -307325 (base 8) to base 6.
-2104405
Convert 4445a (base 15) to base 3.
102000122111
What is -1d6506 (base 14) in base 5?
-232222212
What is -9757 (base 13) in base 11?
-14887
Convert 24290 (base 10) to base 13.
b096
What is 1a59233 (base 13) in base 15?
b6d89c
What is -202110222021 (base 3) in base 2?
-1100010011010101101
What is -110011001110010000 (base 2) in base 7?
-1532454
-357205 (base 8) to base 3
-20020001002
Convert 123331242 (base 5) to base 4.
2103300031
Convert -137b77 (base 14) to base 8.
-2445355
What is 126fbd (base 16) in base 7?
13161414
-12101120101021 (base 3) to base 12
-b62167
-1396577 (base 11) to base 4
-21020300112
Convert 30874 (base 14) to base 15.
24998
Convert -39a119 (base 11) to base 14.
-124ddb
-c6d04 (base 16) to base 14
-172ab2
Convert -2031000234 (base 5) to base 9.
-7734352
Convert -122000120210200 (base 3) to base 16.
-8a0801
What is -2659794 (base 10) in base 12?
-a83296
Convert -77c249 (base 14) to base 6.
-223101001
Convert -103200223 (base 4) to base 9.
-131554
What is -3c975 (base 16) in base 3?
-110121102220
Convert b9a4a4 (base 12) to base 4.
23032030330
What is 14425626 (base 9) in base 13?
1639cbc
-786390 (base 10) to base 6
-24504410
Convert 6825135 (base 9) to base 4.
32001323132
Convert 1a9a3 (base 16) to base 7.
632451
Convert -35164 (base 16) to base 2.
-110101000101100100
-500380 (base 9) to base 6
-10200200
What is -2a8b5 (base 15) in base 8?
-413412
2ddac (base 14) to base 11
79611
What is -4c0e9 (base 16) in base 15?
-62489
What is -237464 (base 9) in base 15?
-2c6b1
What is -366068 (base 12) in base 13?
-24b21c
-11231431 (base 5) to base 6
-2104432
Convert 201232230002 (base 4) to base 10.
8841986
-a5517 (base 11) to base 4
-211201120
-2140061 (base 10) to base 14
-3d9c97
Convert -749336 (base 12) to base 9.
-3415076
Convert -1680806 (base 10) to base 14.
-31a778
What is -3a55c3 (base 13) in base 8?
-5304626
143615 (base 7) to base 14
a17c
What is -178885 (base 10) in base 14?
-49297
Convert -135025 (base 7) to base 2.
-110010010010000
76ba6 (base 16) to base 12
1b551a
What is -22121201202 (base 3) in base 14?
-45b89
364a74 (base 11) to base 16
8d04e
What is 63614315 (base 7) in base 4?
110212013003
Convert -104655344 (base 7) to base 8.
-30162472
Convert -154021451 (base 6) to base 15.
-44886d
Convert 10212020021 (base 3) to base 5.
4412420
547adc (base 15) to base 10
4025457
What is -24401404 (base 6) in base 15?
-105794
c77c3 (base 13) to base 9
607062
What is 18b58 (base 13) in base 11?
3312a
What is -611553 (base 7) in base 10?
-103869
114400302 (bas